{"id":127,"date":"2019-11-13T10:49:54","date_gmt":"2019-11-13T10:49:54","guid":{"rendered":"http:\/\/melaniesengbusch.de\/?page_id=127"},"modified":"2026-08-19T09:43:35","modified_gmt":"2026-08-19T09:43:35","slug":"sich-selbst-erkennen-lieben-lernen-und-verwirklichen","status":"publish","type":"page","link":"https:\/\/melaniesengbusch.de\/","title":{"rendered":""},"content":{"rendered":"\t\t<div data-elementor-type=\"wp-page\" data-elementor-id=\"127\" class=\"elementor elementor-127\">\n\t\t\t\t<div class=\"elementor-element elementor-element-31abdbe e-flex e-con-boxed e-con e-parent\" data-id=\"31abdbe\" data-element_type=\"container\" data-e-type=\"container\">\n\t\t\t\t\t<div class=\"e-con-inner\">\n\t\t\t\t<div class=\"elementor-element elementor-element-9d1eebe elementor-widget elementor-widget-text-editor\" data-id=\"9d1eebe\" data-element_type=\"widget\" data-e-type=\"widget\" data-widget_type=\"text-editor.default\">\n\t\t\t\t<div class=\"elementor-widget-container\">\n\t\t\t\t\t\t\t\t\t<p><img fetchpriority=\"high\" decoding=\"async\" class=\"aligncenter wp-image-3587 size-full\" src=\"https:\/\/melaniesengbusch.de\/wp-content\/uploads\/2026\/08\/Projekt-Logo-Maker-20.-Juli-2026-um-09.54.431.png\" alt=\"\" width=\"500\" height=\"500\" srcset=\"https:\/\/melaniesengbusch.de\/wp-content\/uploads\/2026\/08\/Projekt-Logo-Maker-20.-Juli-2026-um-09.54.431.png 500w, https:\/\/melaniesengbusch.de\/wp-content\/uploads\/2026\/08\/Projekt-Logo-Maker-20.-Juli-2026-um-09.54.431-300x300.png 300w, https:\/\/melaniesengbusch.de\/wp-content\/uploads\/2026\/08\/elementor\/thumbs\/Projekt-Logo-Maker-20.-Juli-2026-um-09.54.431-150x150.png 150w, https:\/\/melaniesengbusch.de\/wp-content\/uploads\/2026\/08\/elementor\/thumbs\/Projekt-Logo-Maker-20.-Juli-2026-um-09.54.431.png 400w, https:\/\/melaniesengbusch.de\/wp-content\/uploads\/2026\/08\/elementor\/thumbs\/Projekt-Logo-Maker-20.-Juli-2026-um-09.54.431-300x300.png 200w, https:\/\/melaniesengbusch.de\/wp-content\/uploads\/2026\/08\/elementor\/thumbs\/Projekt-Logo-Maker-20.-Juli-2026-um-09.54.431-150x150.png 100w, https:\/\/melaniesengbusch.de\/wp-content\/uploads\/2026\/08\/elementor\/thumbs\/Projekt-Logo-Maker-20.-Juli-2026-um-09.54.431-300x300.png 180w\" sizes=\"(max-width: 500px) 100vw, 500px\" \/><\/p>\t\t\t\t\t\t\t\t<\/div>\n\t\t\t\t<\/div>\n\t\t\t\t\t<\/div>\n\t\t\t\t<\/div>\n\t\t<div class=\"elementor-element elementor-element-87eb14b e-flex e-con-boxed e-con e-parent\" data-id=\"87eb14b\" data-element_type=\"container\" data-e-type=\"container\">\n\t\t\t\t\t<div class=\"e-con-inner\">\n\t\t\t\t<div class=\"elementor-element elementor-element-bc9cb01 elementor-widget elementor-widget-text-editor\" data-id=\"bc9cb01\" data-element_type=\"widget\" data-e-type=\"widget\" data-widget_type=\"text-editor.default\">\n\t\t\t\t<div class=\"elementor-widget-container\">\n\t\t\t\t\t\t\t\t\t<p>Neuer\u00f6ffnung: LOFT September 2026 &#8211; <em>genaues Datum folgt bald<\/em><\/p><p>Das bisherige Therapieangebot l\u00e4uft wie gewohnt weiter, mit der Neuer\u00f6ffnung im September erweitert sich die Praxis um ein therapeutisches Atelierangebot.<\/p>\t\t\t\t\t\t\t\t<\/div>\n\t\t\t\t<\/div>\n\t\t\t\t\t<\/div>\n\t\t\t\t<\/div>\n\t\t<div class=\"elementor-element elementor-element-fc039cb e-flex e-con-boxed e-con e-parent\" data-id=\"fc039cb\" data-element_type=\"container\" data-e-type=\"container\">\n\t\t\t\t\t<div class=\"e-con-inner\">\n\t\t\t\t<div class=\"elementor-element elementor-element-7a169ea elementor-widget elementor-widget-spacer\" data-id=\"7a169ea\" data-element_type=\"widget\" data-e-type=\"widget\" data-widget_type=\"spacer.default\">\n\t\t\t\t<div class=\"elementor-widget-container\">\n\t\t\t\t\t\t\t<div class=\"elementor-spacer\">\n\t\t\t<div class=\"elementor-spacer-inner\"><\/div>\n\t\t<\/div>\n\t\t\t\t\t\t<\/div>\n\t\t\t\t<\/div>\n\t\t\t\t\t<\/div>\n\t\t\t\t<\/div>\n\t\t\t\t<section class=\"elementor-section elementor-top-section elementor-element elementor-element-1e36b13 elementor-section-boxed elementor-section-height-default elementor-section-height-default\" data-id=\"1e36b13\" data-element_type=\"section\" data-e-type=\"section\">\n\t\t\t\t\t\t<div class=\"elementor-container elementor-column-gap-default\">\n\t\t\t\t\t<div class=\"elementor-column elementor-col-66 elementor-top-column elementor-element elementor-element-f02661b\" data-id=\"f02661b\" data-element_type=\"column\" data-e-type=\"column\">\n\t\t\t<div class=\"elementor-widget-wrap elementor-element-populated\">\n\t\t\t\t\t\t<div class=\"elementor-element elementor-element-c21f219 elementor-widget elementor-widget-text-editor\" data-id=\"c21f219\" data-element_type=\"widget\" data-e-type=\"widget\" data-widget_type=\"text-editor.default\">\n\t\t\t\t<div class=\"elementor-widget-container\">\n\t\t\t\t\t\t\t\t\t<p><strong>Wobei ich Sie unterst\u00fctzen kann:<\/strong><\/p><ul><li>Stress &amp; Burnout<\/li><li>Depressionen (leicht bis mittelschwer)<\/li><li>\u00c4ngste<\/li><li>Trauer<\/li><li>Beziehungs- &amp; Bindungsst\u00f6rungen<\/li><li>Suchtverhalten<\/li><li>Bewusstwerdung \u00fcber innere Konflikte &amp; Blockaden<\/li><li>Klarheit \u00fcber eigene Ziele &amp; Bed\u00fcrfnisse<\/li><\/ul><p><strong>Was Sie von mir erwarten k\u00f6nnen:<\/strong><\/p><ul><li>Umfassende Analyse &amp; individuelle Strategien<\/li><li>Fundiertes Fachwissen\u00a0<\/li><li>Langj\u00e4hrige Erfahrung in der Arbeit mit Menschen<\/li><li>Professionelle und einf\u00fchlsame Beratung<\/li><li>Absolute Vertraulichkeit<\/li><\/ul>\t\t\t\t\t\t\t\t<\/div>\n\t\t\t\t<\/div>\n\t\t\t\t\t<\/div>\n\t\t<\/div>\n\t\t\t\t<div class=\"elementor-column elementor-col-33 elementor-top-column elementor-element elementor-element-54044f7\" data-id=\"54044f7\" data-element_type=\"column\" data-e-type=\"column\">\n\t\t\t<div class=\"elementor-widget-wrap elementor-element-populated\">\n\t\t\t\t\t\t<div class=\"elementor-element elementor-element-2d9b028 elementor-widget elementor-widget-text-editor\" data-id=\"2d9b028\" data-element_type=\"widget\" data-e-type=\"widget\" data-widget_type=\"text-editor.default\">\n\t\t\t\t<div class=\"elementor-widget-container\">\n\t\t\t\t\t\t\t\t\t<p><strong>Herzlich Willkommen auf meiner Website und im LOFT &#8211; <\/strong>Raum f\u00fcr Gespr\u00e4ch, k\u00fcnstlerischen Ausdruck und seelische Gesundheit.<\/p><p>Ich bin Melanie Sengbusch, Heilpraktikerin f\u00fcr Psychotherapie. Kontaktieren Sie mich gern f\u00fcr ein unverbindliches Erstgespr\u00e4ch.<\/p><p>Termin vereinbaren unter: <strong>0151-59451315<\/strong><\/p><p>Oder per Mail: <strong>kontakt@melaniesengbusch.de<\/strong><\/p><p>\u00a0<\/p><p><em>Wer zugleich seine Schatten und sein Licht wahrnimmt, sieht sich von zwei Seiten und damit kommt er in die Mitte.<\/em><\/p><p>C.G. Jung<\/p>\t\t\t\t\t\t\t\t<\/div>\n\t\t\t\t<\/div>\n\t\t\t\t\t<\/div>\n\t\t<\/div>\n\t\t\t\t\t<\/div>\n\t\t<\/section>\n\t\t\t\t<section class=\"elementor-section elementor-top-section elementor-element elementor-element-b9d2f74 elementor-section-boxed elementor-section-height-default elementor-section-height-default\" data-id=\"b9d2f74\" data-element_type=\"section\" data-e-type=\"section\">\n\t\t\t\t\t\t<div class=\"elementor-container elementor-column-gap-default\">\n\t\t\t\t\t<div class=\"elementor-column elementor-col-100 elementor-top-column elementor-element elementor-element-3012c3a\" data-id=\"3012c3a\" data-element_type=\"column\" data-e-type=\"column\">\n\t\t\t<div class=\"elementor-widget-wrap elementor-element-populated\">\n\t\t\t\t\t\t<div class=\"elementor-element elementor-element-2d55108 elementor-widget elementor-widget-spacer\" data-id=\"2d55108\" data-element_type=\"widget\" data-e-type=\"widget\" data-widget_type=\"spacer.default\">\n\t\t\t\t<div class=\"elementor-widget-container\">\n\t\t\t\t\t\t\t<div class=\"elementor-spacer\">\n\t\t\t<div class=\"elementor-spacer-inner\"><\/div>\n\t\t<\/div>\n\t\t\t\t\t\t<\/div>\n\t\t\t\t<\/div>\n\t\t\t\t\t<\/div>\n\t\t<\/div>\n\t\t\t\t\t<\/div>\n\t\t<\/section>\n\t\t\t\t<section class=\"elementor-section elementor-top-section elementor-element elementor-element-c8784f0 elementor-section-boxed elementor-section-height-default elementor-section-height-default\" data-id=\"c8784f0\" data-element_type=\"section\" data-e-type=\"section\">\n\t\t\t\t\t\t<div class=\"elementor-container elementor-column-gap-default\">\n\t\t\t\t\t<div class=\"elementor-column elementor-col-33 elementor-top-column elementor-element elementor-element-5a729b2\" data-id=\"5a729b2\" data-element_type=\"column\" data-e-type=\"column\">\n\t\t\t<div class=\"elementor-widget-wrap elementor-element-populated\">\n\t\t\t\t\t\t<div class=\"elementor-element elementor-element-8639abd elementor-widget elementor-widget-text-editor\" data-id=\"8639abd\" data-element_type=\"widget\" data-e-type=\"widget\" data-widget_type=\"text-editor.default\">\n\t\t\t\t<div class=\"elementor-widget-container\">\n\t\t\t\t\t\t\t\t\t<p><em>Courage, dear heart.<\/em><\/p><p><span class=\"autor_in\">C. S. Lewis<\/span><\/p>\t\t\t\t\t\t\t\t<\/div>\n\t\t\t\t<\/div>\n\t\t\t\t\t<\/div>\n\t\t<\/div>\n\t\t\t\t<div class=\"elementor-column elementor-col-66 elementor-top-column elementor-element elementor-element-18a6bd5\" data-id=\"18a6bd5\" data-element_type=\"column\" data-e-type=\"column\">\n\t\t\t<div class=\"elementor-widget-wrap elementor-element-populated\">\n\t\t\t\t\t\t<div class=\"elementor-element elementor-element-4d6d046 elementor-widget elementor-widget-text-editor\" data-id=\"4d6d046\" data-element_type=\"widget\" data-e-type=\"widget\" data-widget_type=\"text-editor.default\">\n\t\t\t\t<div class=\"elementor-widget-container\">\n\t\t\t\t\t\t\t\t\t<p>Ich arbeite integrativ, das bedeutet: verschiedene Methoden werden nach Bedarf kombiniert und auf Ihre pers\u00f6nlichen Bed\u00fcrfnisse und Anliegen abgestimmt.<\/p><p>Meine Arbeit zeichnet sich durch ein hohes Ma\u00df an Fachlichkeit und ganzheitlicher Betrachtungsweise aus. Gro\u00dfen Wert lege ich auf Achtsamkeit und Integrit\u00e4t. Ich biete Ihnen einen sicheren Raum, in dem wir frei und offen miteinander arbeiten k\u00f6nnen. Wichtig ist mir, die Wertsch\u00e4tzung f\u00fcr den gemeinsamen Prozess und eine entspannte, zielf\u00fchrende Arbeitsweise: effizient und l\u00f6sungsorientiert, ohne Druck und ohne Verurteilung. Sie sind mit allen Gedanken und Gef\u00fchlen willkommen.<\/p>\t\t\t\t\t\t\t\t<\/div>\n\t\t\t\t<\/div>\n\t\t\t\t\t<\/div>\n\t\t<\/div>\n\t\t\t\t\t<\/div>\n\t\t<\/section>\n\t\t<div class=\"elementor-element elementor-element-85f82f9 e-flex e-con-boxed e-con e-parent\" data-id=\"85f82f9\" data-element_type=\"container\" data-e-type=\"container\">\n\t\t\t\t\t<div class=\"e-con-inner\">\n\t\t\t\t<div class=\"elementor-element elementor-element-a00fa18 elementor-widget elementor-widget-spacer\" data-id=\"a00fa18\" data-element_type=\"widget\" data-e-type=\"widget\" data-widget_type=\"spacer.default\">\n\t\t\t\t<div class=\"elementor-widget-container\">\n\t\t\t\t\t\t\t<div class=\"elementor-spacer\">\n\t\t\t<div class=\"elementor-spacer-inner\"><\/div>\n\t\t<\/div>\n\t\t\t\t\t\t<\/div>\n\t\t\t\t<\/div>\n\t\t\t\t\t<\/div>\n\t\t\t\t<\/div>\n\t\t\t\t<\/div>\n\t\t","protected":false},"excerpt":{"rendered":"<p>Neuer\u00f6ffnung: LOFT September 2026 &#8211; genaues Datum folgt bald Das bisherige Therapieangebot l\u00e4uft wie gewohnt weiter, mit der Neuer\u00f6ffnung im September erweitert sich die Praxis um ein therapeutisches Atelierangebot. Wobei ich Sie unterst\u00fctzen kann: Stress &amp; Burnout Depressionen (leicht bis mittelschwer) \u00c4ngste Trauer Beziehungs- &amp; Bindungsst\u00f6rungen Suchtverhalten Bewusstwerdung \u00fcber innere Konflikte &amp; Blockaden Klarheit \u00fcber &hellip; <\/p>\n<p class=\"link-more\"><a href=\"https:\/\/melaniesengbusch.de\/\" class=\"more-link\">Mehr <span class=\"screen-reader-text\">\u00fcber &#8222;&#8220; <\/span>Lesen<\/a><\/p>\n","protected":false},"author":1,"featured_media":0,"parent":0,"menu_order":0,"comment_status":"closed","ping_status":"closed","template":"","meta":{"inspiro_hide_title":false,"inspiro_hide_featured_image":false,"footnotes":""},"class_list":["post-127","page","type-page","status-publish","hentry"],"featured_media_urls":[],"_links":{"self":[{"href":"https:\/\/melaniesengbusch.de\/index.php?rest_route=\/wp\/v2\/pages\/127","targetHints":{"allow":["GET"]}}],"collection":[{"href":"https:\/\/melaniesengbusch.de\/index.php?rest_route=\/wp\/v2\/pages"}],"about":[{"href":"https:\/\/melaniesengbusch.de\/index.php?rest_route=\/wp\/v2\/types\/page"}],"author":[{"embeddable":true,"href":"https:\/\/melaniesengbusch.de\/index.php?rest_route=\/wp\/v2\/users\/1"}],"replies":[{"embeddable":true,"href":"https:\/\/melaniesengbusch.de\/index.php?rest_route=%2Fwp%2Fv2%2Fcomments&post=127"}],"version-history":[{"count":591,"href":"https:\/\/melaniesengbusch.de\/index.php?rest_route=\/wp\/v2\/pages\/127\/revisions"}],"predecessor-version":[{"id":3736,"href":"https:\/\/melaniesengbusch.de\/index.php?rest_route=\/wp\/v2\/pages\/127\/revisions\/3736"}],"wp:attachment":[{"href":"https:\/\/melaniesengbusch.de\/index.php?rest_route=%2Fwp%2Fv2%2Fmedia&parent=127"}],"curies":[{"name":"wp","href":"https:\/\/api.w.org\/{rel}","templated":true}]}}

<div data-elementor-type="wp-page" data-elementor-id="127" class="elementor elementor-127">
				<div class="elementor-element elementor-element-31abdbe e-flex e-con-boxed e-con e-parent" data-id="31abdbe" data-element_type="container" data-e-type="container">
					<div class="e-con-inner">
				<div class="elementor-element elementor-element-9d1eebe elementor-widget elementor-widget-text-editor" data-id="9d1eebe" data-element_type="widget" data-e-type="widget" data-widget_type="text-editor.default">
				<div class="elementor-widget-container">
									<p><img fetchpriority="high" decoding="async" class="aligncenter wp-image-3587 size-full" src="https://melaniesengbusch.de/wp-content/uploads/2026/08/Projekt-Logo-Maker-20.-Juli-2026-um-09.54.431.png" alt="" width="500" height="500" srcset="https://melaniesengbusch.de/wp-content/uploads/2026/08/Projekt-Logo-Maker-20.-Juli-2026-um-09.54.431.png 500w, https://melaniesengbusch.de/wp-content/uploads/2026/08/Projekt-Logo-Maker-20.-Juli-2026-um-09.54.431-300x300.png 300w, https://melaniesengbusch.de/wp-content/uploads/2026/08/elementor/thumbs/Projekt-Logo-Maker-20.-Juli-2026-um-09.54.431-150x150.png 150w, https://melaniesengbusch.de/wp-content/uploads/2026/08/elementor/thumbs/Projekt-Logo-Maker-20.-Juli-2026-um-09.54.431.png 400w, https://melaniesengbusch.de/wp-content/uploads/2026/08/elementor/thumbs/Projekt-Logo-Maker-20.-Juli-2026-um-09.54.431-300x300.png 200w, https://melaniesengbusch.de/wp-content/uploads/2026/08/elementor/thumbs/Projekt-Logo-Maker-20.-Juli-2026-um-09.54.431-150x150.png 100w, https://melaniesengbusch.de/wp-content/uploads/2026/08/elementor/thumbs/Projekt-Logo-Maker-20.-Juli-2026-um-09.54.431-300x300.png 180w" sizes="(max-width: 500px) 100vw, 500px" /></p>								</div>
				</div>
					</div>
				</div>
		<div class="elementor-element elementor-element-87eb14b e-flex e-con-boxed e-con e-parent" data-id="87eb14b" data-element_type="container" data-e-type="container">
					<div class="e-con-inner">
				<div class="elementor-element elementor-element-bc9cb01 elementor-widget elementor-widget-text-editor" data-id="bc9cb01" data-element_type="widget" data-e-type="widget" data-widget_type="text-editor.default">
				<div class="elementor-widget-container">
									<p>Neueröffnung: LOFT September 2026 &#8211; <em>genaues Datum folgt bald</em></p><p>Das bisherige Therapieangebot läuft wie gewohnt weiter, mit der Neueröffnung im September erweitert sich die Praxis um ein therapeutisches Atelierangebot.</p>								</div>
				</div>
					</div>
				</div>
		<div class="elementor-element elementor-element-fc039cb e-flex e-con-boxed e-con e-parent" data-id="fc039cb" data-element_type="container" data-e-type="container">
					<div class="e-con-inner">
				<div class="elementor-element elementor-element-7a169ea elementor-widget elementor-widget-spacer" data-id="7a169ea" data-element_type="widget" data-e-type="widget" data-widget_type="spacer.default">
				<div class="elementor-widget-container">
							<div class="elementor-spacer">
			<div class="elementor-spacer-inner"></div>
		</div>
						</div>
				</div>
					</div>
				</div>
				<section class="elementor-section elementor-top-section elementor-element elementor-element-1e36b13 elementor-section-boxed elementor-section-height-default elementor-section-height-default" data-id="1e36b13" data-element_type="section" data-e-type="section">
						<div class="elementor-container elementor-column-gap-default">
					<div class="elementor-column elementor-col-66 elementor-top-column elementor-element elementor-element-f02661b" data-id="f02661b" data-element_type="column" data-e-type="column">
			<div class="elementor-widget-wrap elementor-element-populated">
						<div class="elementor-element elementor-element-c21f219 elementor-widget elementor-widget-text-editor" data-id="c21f219" data-element_type="widget" data-e-type="widget" data-widget_type="text-editor.default">
				<div class="elementor-widget-container">
									<p><strong>Wobei ich Sie unterstützen kann:</strong></p><ul><li>Stress &amp; Burnout</li><li>Depressionen (leicht bis mittelschwer)</li><li>Ängste</li><li>Trauer</li><li>Beziehungs- &amp; Bindungsstörungen</li><li>Suchtverhalten</li><li>Bewusstwerdung über innere Konflikte &amp; Blockaden</li><li>Klarheit über eigene Ziele &amp; Bedürfnisse</li></ul><p><strong>Was Sie von mir erwarten können:</strong></p><ul><li>Umfassende Analyse &amp; individuelle Strategien</li><li>Fundiertes Fachwissen </li><li>Langjährige Erfahrung in der Arbeit mit Menschen</li><li>Professionelle und einfühlsame Beratung</li><li>Absolute Vertraulichkeit</li></ul>								</div>
				</div>
					</div>
		</div>
				<div class="elementor-column elementor-col-33 elementor-top-column elementor-element elementor-element-54044f7" data-id="54044f7" data-element_type="column" data-e-type="column">
			<div class="elementor-widget-wrap elementor-element-populated">
						<div class="elementor-element elementor-element-2d9b028 elementor-widget elementor-widget-text-editor" data-id="2d9b028" data-element_type="widget" data-e-type="widget" data-widget_type="text-editor.default">
				<div class="elementor-widget-container">
									<p><strong>Herzlich Willkommen auf meiner Website und im LOFT &#8211; </strong>Raum für Gespräch, künstlerischen Ausdruck und seelische Gesundheit.</p><p>Ich bin Melanie Sengbusch, Heilpraktikerin für Psychotherapie. Kontaktieren Sie mich gern für ein unverbindliches Erstgespräch.</p><p>Termin vereinbaren unter: <strong>0151-59451315</strong></p><p>Oder per Mail: <strong>kontakt@melaniesengbusch.de</strong></p><p> </p><p><em>Wer zugleich seine Schatten und sein Licht wahrnimmt, sieht sich von zwei Seiten und damit kommt er in die Mitte.</em></p><p>C.G. Jung</p>								</div>
				</div>
					</div>
		</div>
					</div>
		</section>
				<section class="elementor-section elementor-top-section elementor-element elementor-element-b9d2f74 elementor-section-boxed elementor-section-height-default elementor-section-height-default" data-id="b9d2f74" data-element_type="section" data-e-type="section">
						<div class="elementor-container elementor-column-gap-default">
					<div class="elementor-column elementor-col-100 elementor-top-column elementor-element elementor-element-3012c3a" data-id="3012c3a" data-element_type="column" data-e-type="column">
			<div class="elementor-widget-wrap elementor-element-populated">
						<div class="elementor-element elementor-element-2d55108 elementor-widget elementor-widget-spacer" data-id="2d55108" data-element_type="widget" data-e-type="widget" data-widget_type="spacer.default">
				<div class="elementor-widget-container">
							<div class="elementor-spacer">
			<div class="elementor-spacer-inner"></div>
		</div>
						</div>
				</div>
					</div>
		</div>
					</div>
		</section>
				<section class="elementor-section elementor-top-section elementor-element elementor-element-c8784f0 elementor-section-boxed elementor-section-height-default elementor-section-height-default" data-id="c8784f0" data-element_type="section" data-e-type="section">
						<div class="elementor-container elementor-column-gap-default">
					<div class="elementor-column elementor-col-33 elementor-top-column elementor-element elementor-element-5a729b2" data-id="5a729b2" data-element_type="column" data-e-type="column">
			<div class="elementor-widget-wrap elementor-element-populated">
						<div class="elementor-element elementor-element-8639abd elementor-widget elementor-widget-text-editor" data-id="8639abd" data-element_type="widget" data-e-type="widget" data-widget_type="text-editor.default">
				<div class="elementor-widget-container">
									<p><em>Courage, dear heart.</em></p><p><span class="autor_in">C. S. Lewis</span></p>								</div>
				</div>
					</div>
		</div>
				<div class="elementor-column elementor-col-66 elementor-top-column elementor-element elementor-element-18a6bd5" data-id="18a6bd5" data-element_type="column" data-e-type="column">
			<div class="elementor-widget-wrap elementor-element-populated">
						<div class="elementor-element elementor-element-4d6d046 elementor-widget elementor-widget-text-editor" data-id="4d6d046" data-element_type="widget" data-e-type="widget" data-widget_type="text-editor.default">
				<div class="elementor-widget-container">
									<p>Ich arbeite integrativ, das bedeutet: verschiedene Methoden werden nach Bedarf kombiniert und auf Ihre persönlichen Bedürfnisse und Anliegen abgestimmt.</p><p>Meine Arbeit zeichnet sich durch ein hohes Maß an Fachlichkeit und ganzheitlicher Betrachtungsweise aus. Großen Wert lege ich auf Achtsamkeit und Integrität. Ich biete Ihnen einen sicheren Raum, in dem wir frei und offen miteinander arbeiten können. Wichtig ist mir, die Wertschätzung für den gemeinsamen Prozess und eine entspannte, zielführende Arbeitsweise: effizient und lösungsorientiert, ohne Druck und ohne Verurteilung. Sie sind mit allen Gedanken und Gefühlen willkommen.</p>								</div>
				</div>
					</div>
		</div>
					</div>
		</section>
		<div class="elementor-element elementor-element-85f82f9 e-flex e-con-boxed e-con e-parent" data-id="85f82f9" data-element_type="container" data-e-type="container">
					<div class="e-con-inner">
				<div class="elementor-element elementor-element-a00fa18 elementor-widget elementor-widget-spacer" data-id="a00fa18" data-element_type="widget" data-e-type="widget" data-widget_type="spacer.default">
				<div class="elementor-widget-container">
							<div class="elementor-spacer">
			<div class="elementor-spacer-inner"></div>
		</div>
						</div>
				</div>
					</div>
				</div>
				</div>

<p>Neueröffnung: LOFT September 2026 &#8211; genaues Datum folgt bald Das bisherige Therapieangebot läuft wie gewohnt weiter, mit der Neueröffnung im September erweitert sich die Praxis um ein therapeutisches Atelierangebot. Wobei ich Sie unterstützen kann: Stress &amp; Burnout Depressionen (leicht bis mittelschwer) Ängste Trauer Beziehungs- &amp; Bindungsstörungen Suchtverhalten Bewusstwerdung über innere Konflikte &amp; Blockaden Klarheit über &hellip; </p>
<p class="link-more"><a href="https://melaniesengbusch.de/" class="more-link">Mehr <span class="screen-reader-text">über &#8222;&#8220; </span>Lesen</a></p>
